ppose a - 5*f - o = -3*a, -3*f = -a + 66. Suppose -3*n + 0*n = -a. What is the greatest common divisor of n and 95?
19
Let n(x) = -x**2 + 3*x - 6. Let y be 10/(-35) - 37/(-7). Let m be n(y). Let k = 27 + m. What is the highest common divisor of k and 121?
11
Suppose -4*f + 60 = f. Suppose -4*q = -2*p - 36, 3*p - 12 = -q - 38. Let g(o) = -o**2 - 8*o + 24. Let c be g(p). Calculate the highest common factor of f and c.
4
Let c(m) = -m**2 - 16*m + 26. Let o be c(-16). Suppose 2*n + o = 34. What is the highest common factor of 16 and n?
4
Suppose 5*q = 3*q. Let y be -160 + (q + 1 - 2). Let t = -91 - y. What is the highest common divisor of 10 and t?
10
Let y(c) = -c**3 - 3*c**2 - 2*c - 4. Let d be y(-7). Let k = -144 + d. Suppose -2 = 2*u - k. Calculate the highest common divisor of 75 and u.
15
Let h(y) = -y**3 + 58*y**2 + 319*y - 200. Let u be h(63). Suppose -s + 6*s = -4*w + 45, -2*s - 5*w = -1. What is the highest common divisor of s and u?
13
Let h be 348/290*650/3. What is the greatest common divisor of 52 and h?
52
Suppose -6*v = -5*v + 986. Let o be v/30 + (-12)/90. Let k be ((-18)/(-8))/(o/(-88)). Calculate the highest common factor of k and 66.
6
Let w = -8 + 2. Let y be 6*3*w/(-9). Let m be y/(-2)*5/(-10). Calculate the greatest common factor of m and 3.
3
Let n be 11/(11/78) + (-1 - -1). Let l(j) = 14*j**3 - 2*j**2 + 2*j - 1. Let y be l(1). Calculate the greatest common divisor of n and y.
13
Let a(d) = -d + 36. Let j be a(17). Suppose j*o - 5*o = 280. Calculate the greatest common factor of o and 20.
20
Suppose -8*z + 3269 - 389 = 0. Calculate the highest common divisor of z and 9.
9
Suppose 2*r - 667 = -5*p - 129, -2*p = 4*r - 212. Calculate the highest common divisor of 4 and p.
4
Suppose 2*j - 6 = 3*b - 4*b, -3*b = -5*j - 51. Suppose 2*k - 6*k + 192 = 0. Calculate the highest common factor of k and b.
12
Suppose -11*z + 5*z = 0. Suppose -10*v + 8*v + 60 = z. What is the greatest common divisor of 18 and v?
6
Let n = -4 - -16. Suppose 17*h - 90 = n*h. What is the greatest common divisor of h and 45?
9
Let u be 26/10 - 14/(-35). Let t be (-3 - -2) + u + 23. What is the greatest common factor of 25 and t?
25
Suppose -n - 491 = -5*r - 0*r, -3*r = -n - 295. Calculate the greatest common divisor of 245 and r.
49
Suppose -4*t = -211 + 15. Suppose 0*g + 4*g - 8 = 0. Suppose 0 = -g*m - 3*m + 35. Calculate the highest common factor of t and m.
7
Suppose 0 = -22*k + 2519 + 55. Let h(n) = -n**3 - 3*n**2 + 6*n - 7. Let m be h(-5). What is the highest common factor of k and m?
13
Let p be (3 + 33)/(-6) + 90. Calculate the greatest common divisor of 28 and p.
28
Let p be (42/(-12))/((-1)/2). Suppose f = -3*s - 5, s + 28 - 17 = f. What is the highest common factor of f and p?
7
Let h be (6*8)/((-6)/(-8)). What is the greatest common factor of 352 and h?
32
Suppose 0 = 4*g - 6*s + 10*s - 148, 89 = 2*g - 3*s. What is the greatest common divisor of g and 56?
8
Let x be 2088/27 + 4/(-12). Calculate the highest common factor of 1001 and x.
77
Suppose t + m - 38 = 0, 0 = -2*t - 3*m + 63 + 16. Suppose t = 7*j - 112. Let r be 14/42 + 1384/6. What is the highest common divisor of j and r?
21
Let j = -296 - -300. Calculate the greatest common factor of 68 and j.
4
Suppose 4*d - 10 = 46. Let b = d + -9. What is the greatest common factor of 40 and b?
5
Let w(u) = u**2 - 6*u + 10. Let b be 1 + 2 + -2 + 7. Let s be w(b). Let t(r) = 6*r - 59. Let g be t(12). Calculate the greatest common factor of s and g.
13
Let r be (18/(-5))/((-3)/10). Let i(t) = t**2 - 13*t + 3. Let f be i(r). Let q be (2 - (f - -1))*1. Calculate the greatest common divisor of q and 70.
10
Let f = -19 + 46. Suppose 5*n + 7 = f. What is the greatest common divisor of n and 44?
4
Suppose -2*l + 6 = 3*c, -3*l + 17 = -3*c - 7. Suppose -4*b = -b + 5*u - 43, -2*u + 4 = 0. Let z = 23 - b. What is the highest common factor of l and z?
6
Suppose -5*u + 2 = -4*u. Suppose 2 = 2*w + 10, 3*x - u*w = 20. Suppose 2*i + 2*i - x = 0. Calculate the greatest common factor of i and 2.
1
Let b = 388 + -145. Calculate the highest common divisor of b and 3.
3
Let x = 243 + -228. What is the highest common divisor of x and 30?
15
Let t = -488 + 604. Calculate the greatest common factor of t and 87.
29
Suppose 8 = 4*l - 3*r, -2*l + r = -2 - 4. Let n(i) = i**3 - 6*i**2 + 6*i - 3. Let f be n(l). Calculate the greatest common factor of f and 2.
2
Suppose -3*p + 5*t + 94 = -316, -148 = -p - 4*t. Calculate the highest common divisor of p and 28.
28
Let v = -363 - -383. Calculate the highest common factor of 160 and v.
20
Let m be (-4)/16*0 - 0. Suppose d = 3*z - m*d + 648, -3*z - 657 = -4*d. Let n = z + 320. What is the greatest common divisor of 42 and n?
21
Let v be -1 - ((-2 - -5) + 232/(-2)). Calculate the greatest common factor of 14 and v.
14
Suppose 3*k = 2069 + 505. Calculate the highest common divisor of k and 78.
78
Let x(t) = -t**3 - 3*t**2 - 2*t - 4. Let k be x(-3). Suppose 61*f + 33*f - 1692 = 0. Calculate the greatest common factor of k and f.
2
Let m(d) = d**2 + 66*d - 475. Let w be m(8). What is the greatest common divisor of 156 and w?
39
Let y(l) = -2*l**2 - 22*l + 12. Let g be y(-10). Let x = g + 45. What is the greatest common divisor of 7 and x?
7
Let a(z) be the second derivative of -1/20*z**5 + 5*z + 5/6*z**3 + 0 - 3*z**2 + 5/12*z**4. Let h be a(4). What is the highest common factor of 15 and h?
15
Let i = -6 + 13. Let a be (7 - 8)*-33*7. Suppose 3*f = -0*f + a. What is the highest common divisor of f and i?
7
Let g be -5 - -3 - (1 - 5). Suppose -g*d - 7*d + 99 = 0. Let b = 8 + 3. What is the greatest common divisor of d and b?
11
Suppose 0*p - n = -p + 22, -88 = -4*p + 3*n. Calculate the highest common factor of 33 and p.
11
Let s be ((-33)/9)/((-3)/63). Let t = s + -27. Let j(b) = -b**3 - 9*b**2 - 18*b - 5. Let i be j(-8). What is the greatest common divisor of i and t?
25
Suppose 2*z - 4*z = -6. Let a be ((-4)/z)/((-4)/78). Let i be 66 + (-1 + -4 - -4). What is the highest common factor of i and a?
13
Let q(w) = w**3 - 6*w**2 + 6*w + 6. Let t be q(5). Suppose -b + 5 = f, -4*b - t - 11 = -2*f. Suppose 7 - 8 = -h. What is the highest common factor of f and h?
1
Suppose 5*l + 13 = 4*u, 0 = u + l + 3*l + 2. Suppose u*p - 208 = 210. Calculate the greatest common factor of 19 and p.
19
Suppose 3*m = -29*m - 26*m + 3712. Let s(l) = l + 160. Let r be s(0). Calculate the greatest common factor of r and m.
32
Suppose -3 + 11 = g. Let p be 1*(-2)/g - 241/(-4). Calculate the greatest common divisor of p and 20.
20
Let d(q) = q**3 + 10*q**2 + 22*q + 21. Let y be d(-6). What is the greatest common factor of 66 and y?
33
Let m(w) = -2*w**2 - 31*w + 34. Let z be m(-15). Suppose -2*b = 5*f - 50, -3*b = 14*f - 13*f - z. What is the greatest common factor of b and 45?
15
Let u be 1 + -10 - (-150 - -84). Suppose -13 = -c + 5*z - 0*z, -c - 5*z = -63. Calculate the highest common factor of c and u.
19
Suppose 5 + 0 = m, 0 = -r + 5*m + 2. Let i = -27 + r. Suppose -5*d = -i*d - 240. Calculate the highest common divisor of 12 and d.
12
Let h = -312 - -1047. What is the highest common divisor of 15 and h?
15
Let y(u) = -24*u + 959. Let l be y(16). Calculate the highest common factor of l and 69.
23
Let v(z) = 4*z**2 + z + 27. Let c be v(-6). Calculate the highest common factor of c and 45.
15
Let q = 61 - 33. Suppose -3*x + 4*p = -94, 35 = x + 5*p - q. Calculate the highest common factor of 95 and x.
19
Suppose 2*t + g = 58 + 79, 3*g + 201 = 3*t. Calculate the greatest common factor of t and 85.
17
Let w be 650/15*(-6 + 15). What is the highest common divisor of 10 and w?
10
Let c be (2 - 5)/(2/(-8)). Let n be (-6 - (-5)/1)*-5. Suppose c*k + n = 17*k. Calculate the greatest common factor of 1 and k.
1
Let u = 57 + -50. Calculate the highest common divisor of u and 1.
1
Suppose 5*v + 3*w - 112 = 0, -4*w + 1 + 15 = 0. Let h be (10/v)/(2/72). Let f = 26 + -17. What is the highest common factor of h and f?
9
Let r(h) = h**3 + 18*h**2 + 31*h + 26. Let s be r(-16). What is the highest common divisor of 48 and s?
6
Suppose -3*p - 1 = -16. Suppose -5*i = -p*s - 120, -5*i - 3*s + 5*s + 123 = 0. Calculate the greatest common factor of i and 125.
25
Suppose -5*r + 96 = -8*r. Let f = r + 50. Calculate the greatest common diviso